= -191. Let l = -2 - u. What is the units digit of l?
4
Let x(u) = u**3 + 18*u**2 - 7*u + 13. What is the tens digit of x(-8)?
0
Let m(o) be the second derivative of -955*o**3/6 + 5*o**2/2 + 28*o. What is the units digit of m(-1)?
0
Let s(h) = -h**2 - 23*h - 115. Let t be s(-15). Suppose z = -4*k + 6112, t*z - 4271 = -5*k + 3354. What is the tens digit of k?
2
Let r = 211 + -97. Let v = r + 39. What is the units digit of v?
3
Suppose -12 = -19*n + 17*n. Suppose -n*q = -4*q - 8. Suppose 3*u = -y - 4*y + 125, -q*y + 156 = 4*u. What is the units digit of u?
5
Suppose 234 = -5*b - 106. Let m = b - -248. Let g = m - 99. What is the tens digit of g?
8
Let z be (-2)/((-10)/(-15)) - -8. Suppose 10*r = z*r - 120. What is the units digit of (16/r)/(2/(-93))?
1
Let m = 342 + -338. Suppose 82*l - m*a + 3497 = 85*l, -a + 1167 = l. What is the hundreds digit of l?
1
Let j be -206 + (1 - 0/6). Let d = j + 369. Suppose 36 + d = 4*n. What is the tens digit of n?
5
What is the hundreds digit of 7345360/920 + 6/(-69)?
9
Let y = -2643 - -2832. What is the units digit of y?
9
Suppose 4*k = 3*v + 17896, -11*k + 5*v = -8*k - 13411. What is the tens digit of k?
7
Let l(x) = 109*x + 187. Let o(f) = -36*f - 62. Let z(v) = -4*l(v) - 14*o(v). What is the tens digit of z(21)?
4
Let x be (2 + -5 - -2) + 1. Suppose -3 = 4*a - x*s + 3*s, 11 = 2*a - s. Suppose 0 = 2*f + 6, -245 = -a*n - 3*f - 20. What is the units digit of n?
8
Suppose -l = -4*k + 18, -2*l - 2*l - 58 = -2*k. Let i = 24 + l. Suppose 4*x + 2*o - 106 = i, 2*o + 52 = 2*x. What is the units digit of x?
8
Suppose 5*p = -x + 7633, 936*x - 7649 = 935*x - p. What is the tens digit of x?
5
Let l(j) = -2*j - 7. Let x be l(-6). Suppose k - 14 = -5*m + 2*k, -5*m - x*k = -20. Suppose -m*u + 36 = -u. What is the tens digit of u?
1
Suppose 4*o + 4*k - 203 - 217 = 0, k = -5*o + 529. Let g be (-2 - (-2 + -155)) + -3. Let r = g - o. What is the units digit of r?
6
What is the units digit of (-71560)/(-24)*(-6 + 9)?
5
Let w be 138/18 - (-2)/(-3). Suppose 0 = -w*c - 3 - 18. Let h(g) = -g**3 + 3*g**2 + 4*g + 1. What is the units digit of h(c)?
3
Suppose 4*n - 4409 = -3*z + 1644, -2039 = -z + 4*n. What is the units digit of z?
3
Let o(u) = -3*u + 30. Let z be o(11). Let k be ((-207)/(-4))/z*-4. Suppose -74*v = -k*v - 1005. What is the units digit of v?
1
What is the hundreds digit of ((-110)/275)/(-1*4/757000)?
7
Let p(b) = 6*b**3 + 3*b**2 + b + 2. Let s be p(3). Suppose 2*g = 716 + s. Suppose -34*i + 29*i = -g. What is the tens digit of i?
9
Let s = -14026 + 19950. What is the thousands digit of s?
5
What is the thousands digit of 14243 + -1 + (-2768)/(-173)?
4
Let b = 381 + -377. Suppose b*r + 461 = -0*j + j, j = 5*r + 456. What is the units digit of j?
1
Let v(s) = 3*s + 20. Let n be v(7). What is the tens digit of (3 - (n + 0))*-2?
7
Let g(s) = 210*s**2 + 7*s + 45. What is the hundreds digit of g(-4)?
3
Suppose -2*z - 4*y = -2*y + 946, -4*z + 5*y = 1865. Let v = z - -517. What is the tens digit of v?
4
Let o be 144/(-27)*(-4)/((-16)/(-54)). Let x = 81 - o. What is the tens digit of 303*-2*(-3)/x?
0
Let b = 25 - 21. Suppose -2464 = -2*k - 5*k. Suppose 3*f - 4*f - k = -3*p, -b*f - 346 = -3*p. What is the hundreds digit of p?
1
What is the ten thousands digit of (-288960)/(-21) + -2 + -1?
1
Suppose 0*u + 131 = -3*p + 4*u, 0 = 5*p + u + 226. Let b = p - -47. Suppose -4*n = -2*n - b*g - 14, -5 = -5*g. What is the units digit of n?
8
Suppose -4*f + 3 - 19 = -4*o, 4*o = 16. Suppose -3*z = -0*z + 6, -3*c + 2*z + 1126 = f. Let u = 538 - c. What is the hundreds digit of u?
1
Let g(m) = m**3 - 18*m**2 + 14*m + 26. Let h be g(17). Let o = h - -27. Suppose -5*i - 2*x + 188 = 0, 4*i + 3*x - 148 = o*x. What is the units digit of i?
6
Let m(o) = -471*o - 4717. What is the tens digit of m(-48)?
9
Let j(w) = 12*w - 4. Let a(y) = -13*y + 1. Let d be a(-3). Let o = d - 38. What is the units digit of j(o)?
0
Suppose -24 - 4 = 7*g. What is the hundreds digit of -18 + 16 - 4/(g/781)?
7
Let j(d) = -24*d + 579. Let m be j(24). Suppose 9 = 2*y - 1. Suppose 0 = -3*r + 4*f + 12, -y*r - m*f = -r - 16. What is the units digit of r?
4
Let p(x) = x**3 - 12*x**2 + 8*x - 10. Let g be p(11). Let b be g + 43 - (-11*1 - 1). What is the hundreds digit of 3/b - (-4893)/28?
1
Suppose 3*m + 0*m = 3*a - 15, -5*a - m = -19. Suppose g + 4*x = 1, a*g + 4*x + 14 = 42. Let r(v) = 26*v + 1. What is the hundreds digit of r(g)?
2
Let h(f) = f**3 + 55*f**2 - 7*f + 40020. What is the units digit of h(0)?
0
Let x(u) = -191*u + 19014. What is the units digit of x(0)?
4
Suppose -2*r + 169 = 3*b + 179, 2*r - 4*b = 4. Let g = -1 - 0. What is the units digit of -82*(r - -3)*g?
2
What is the tens digit of (25/5 - (-20 - -12)) + 854?
6
What is the thousands digit of (-2342104)/(-470) - (-1)/(-5)?
4
Suppose -4*n + 398838 = 6*r, -74*r + 5*n - 332365 = -79*r. What is the ten thousands digit of r?
6
Let r(t) = -t**3 + 7*t**2 - 5*t + 9. Let v be r(6). Suppose -h - 723 = u - 5*u, -3*h + v = 0. Let w = u - 38. What is the hundreds digit of w?
1
Suppose 2*s - 59812 = 8*r, -20*r + 21*r = 5*s - 149549. What is the units digit of s?
0
Let i = 215 + -77. Suppose u - 173 - i = -4*c, u = -3*c + 232. What is the units digit of c?
9
Let k = 92 + -89. Suppose k*d + 59 = 59. Suppose d = 3*f - 9*f + 1044. What is the units digit of f?
4
Let k be 6/4*(-4)/6. Let d be k/(-3) + 418/(-57). Let a(i) = 3*i**2 + 16*i - 10. What is the units digit of a(d)?
5
Suppose -11727 - 211573 = -55*p. What is the units digit of p?
0
Suppose 41*q - 150 = 14. Suppose q*y + 2*a = 3854, 59*y - 61*y + 1915 = -3*a. What is the hundreds digit of y?
9
Let i = -469 - -372. Let p = i + 269. What is the hundreds digit of p?
1
Let t(o) = o**2 + o + 4. Let k be t(0). Let w = -22304 - -23529. Suppose z - w = -k*z. What is the units digit of z?
5
Suppose -18*a + 1141 = 169. Suppose a*f - 3842 = 24778. What is the units digit of f?
0
Suppose -4*o + 0*o = -6*o. Suppose o*z = 6*z + 264. Let a = z + 118. What is the units digit of a?
4
Suppose -4*r - 4*n - 4064 = -0*r, -n - 5064 = 5*r. Let u = 1667 + r. What is the tens digit of u?
5
Suppose -4*h + 99 = -5*o + 598, -377 = 3*h - o. Suppose 19 = -5*b + 3*l, 18*l + 29 = -5*b + 16*l. What is the tens digit of (h/(-10) - 1)/((-1)/b)?
5
Let w = -26375 + 71803. What is the units digit of w?
8
Let l(k) = -237*k + 45934. What is the units digit of l(0)?
4
Let u(i) = -i**3 - 6*i - 16. Suppose v - 2*h = -3, 5*v + 5*h + 4 = -26. What is the hundreds digit of u(v)?
1
Suppose -18*k + 18*k + 9266 = 41*k. What is the units digit of k?
6
Let s be (12 - 0)/3 - 39. Let w = s - -39. Suppose -177 = -w*n + 215. What is the tens digit of n?
9
Let d(h) = -21*h**3 - 7*h**2 - 2*h + 1. Let i be d(-3). Suppose -2*c + 4*c - 1042 = 2*y, 0 = -c + 3*y + i. What is the units digit of c?
6
Suppose m = 5*t, 4*m - t + 11 = 30. Suppose m*z + 5*s - 5 = 20, 7 = z + 3*s. Suppose -5*h - 4*v = -v - 678, 4 = z*v. What is the hundreds digit of h?
1
Let w = 179 - 177. Suppose w*a + 27 = 3*f - 19, -a = 5*f - 68. What is the units digit of f?
4
Let f(m) = -2*m**2 + 30*m - 13. Let k be f(15). What is the tens digit of (-2)/k - (-24118)/403?
6
Let s(q) be the second derivative of 41*q**4/12 + 5*q**3/2 - 13*q**2 + 171*q. What is the units digit of s(5)?
4
Let h(b) = b**3 + 5*b**2 - 25*b - 8. Let t be h(-8). Suppose 149*f - 152*f + 4308 = t. What is the units digit of f?
6
Suppose r - 5171 = 5*w + 1404, -5*r - w = -32953. What is the thousands digit of r?
6
Let x(i) = -i**3 + 23*i**2 - 84*i + 30. Let r be ((-944)/28)/(-2) - (-2)/14. What is the hundreds digit of x(r)?
3
Suppose s + 10666 = 2*d, 15*d - 11*d = 3*s + 21334. What is the tens digit of (2 - d/(-8)) + (-1)/2?
6
Suppose 12*r - 6*r = -36. What is the tens digit of 1 + r - (-1 + -5) - -310?
1
Let o(a) be the first derivative of a**4/12 - a**3/2 - 7*a**2/2 - 15*a + 21. Let w(q) be the first derivative of o(q). What is the tens digit of w(12)?
0
Suppose q + 6*n - 5*n = 21076, -19*q + 400552 = n. What is the tens digit of q?
8
What is the hundreds digit of ((-281250)/100)/(2 - (-15)/(-6))?
6
Let c = -106 + 76. Let o = c + 30. Suppose o = -5*g - 0*g + 450. What is the units digit of g?
0
What is the ten thousands digit of (6/(-7) + (-3490631)/(-217))/1?
1
Let j(y) = -y**3 + 10*y**2 - 